41*i + 113. Calculate y(22).
179
Let k(f) = -f**2 + 36*f + 167. Determine k(-5).
-38
Let z(p) = 63*p + 309. Calculate z(-5).
-6
Let p(w) = 30*w + 745. Calculate p(-22).
85
Let f(z) = z**2 - 48*z + 431. Give f(23).
-144
Let d(y) = 251*y + 4758. Determine d(-19).
-11
Let f(x) = -87*x - 761. What is f(-8)?
-65
Let n(w) = -5*w**2 + 100*w - 185. Give n(18).
-5
Let q(a) = -a**2 - 271*a - 8051. Give q(-34).
7
Let h(i) = 9*i**2 - 428*i - 202. Give h(48).
-10
Let b(p) = 9*p**2 + 21*p + 307. Determine b(-8).
715
Let g(z) = -2*z**3 - 22*z**2 + 16*z + 5. Calculate g(-11).
-171
Let y(x) = 35*x + 4326. Determine y(-124).
-14
Let x(k) = -3*k**3 - 69*k**2 - 77*k - 164. Determine x(-22).
78
Let c(u) = -25*u + 354. What is c(6)?
204
Let o(v) = -156*v + 412. What is o(3)?
-56
Let g(u) = -2*u**2 + 18*u - 19. What is g(5)?
21
Let g(y) = 244*y - 11. What is g(0)?
-11
Let d(x) = 11*x**2 - 11*x - 16. Determine d(-5).
314
Let r(a) = 2*a**3 - 15*a**2 - 68*a + 551. Calculate r(6).
35
Let a(i) = -393*i - 28. Calculate a(1).
-421
Let m(z) = -2094*z + 18917. Give m(9).
71
Let w(j) = 22*j**2 + 53*j - 1. Give w(-3).
38
Let c(o) = -o**3 - 71*o**2 - 75*o - 369. Calculate c(-70).
-19
Let s(u) = u**3 + 34*u**2 + 253*u + 220. Give s(-24).
-92
Let t(z) = -48*z + 8565. Give t(179).
-27
Let b(d) = 10*d**2 + 87*d + 133. Calculate b(-6).
-29
Let c(y) = -173*y + 26468. Give c(153).
-1
Let u(h) = 3*h**3 + 45*h**2 - 57*h + 23. What is u(-16)?
167
Let w(j) = j**3 + 62*j**2 + 284*j - 17. What is w(-57)?
40
Let c(t) = 4*t**2 + 33*t + 30. Determine c(-7).
-5
Let p(f) = f**2 + 275*f - 1973. Determine p(7).
1
Let t(q) = -q**2 - 486*q + 11703. Calculate t(23).
-4
Let z(y) = 6*y**3 - 81*y**2 - 40*y - 6. What is z(14)?
22
Let i(c) = 2*c**2 - 359*c + 2739. Calculate i(8).
-5
Let h(k) = -93*k**2 - 54*k + 6. Give h(2).
-474
Let t(q) = -4*q**3 + 60*q**2 - q + 20. Give t(15).
5
Let a(r) = r**2 + 99*r - 1163. Calculate a(-108).
-191
Let n(v) = -30*v - 22. What is n(0)?
-22
Let b(w) = 3*w**3 - 25*w**2 - 21*w - 14. Give b(8).
-246
Let w(p) = -2*p**2 - 2*p + 102. What is w(-10)?
-78
Let h(r) = -r**2 - 4*r - 1. What is h(-5)?
-6
Let z(y) = -24*y + 111. Give z(4).
15
Let a(u) = 20*u**2 - 41*u + 39. Calculate a(1).
18
Let t(i) = 8*i**2 - 133*i - 546. Give t(20).
-6
Let a(v) = v**3 - 74*v**2 - 848*v + 674. Calculate a(84).
2
Let o(h) = -47*h + 133. What is o(6)?
-149
Let b(q) = -q**2 + 16*q + 131. Give b(21).
26
Let y(n) = 2*n**3 + 27*n**2 - 15*n + 25. What is y(-14)?
39
Let m(s) = -4*s**2 + 220*s + 9. Determine m(55).
9
Let r(w) = -2*w**3 + 23*w**2 + 13*w - 24. Determine r(12).
-12
Let x(n) = -132*n - 1346. Give x(-7).
-422
Let j(m) = 5*m**3 - 3*m**2 - 12*m + 27. Give j(2).
31
Let x(o) = -o**2 - 19*o + 468. Give x(13).
52
Let j(r) = r**3 + 13*r**2 - 1407*r - 17011. What is j(-12)?
17
Let x(c) = 12*c**2 - 1477*c - 33. Calculate x(123).
-156
Let c(q) = 1274*q + 15285. Calculate c(-12).
-3
Let y(v) = 7*v + 3. Determine y(2).
17
Let z(o) = -7*o + 204. What is z(12)?
120
Let w(q) = -3*q + 25. Determine w(-20).
85
Let f(q) = -25*q - 333. What is f(-18)?
117
Let q(u) = 3*u**2 - 20*u - 77. What is q(-4)?
51
Let t(i) = i**3 - 7*i**2 + 13*i - 5. Give t(3).
-2
Let f(u) = -u**2 + 23*u + 743. What is f(39)?
119
Let j(u) = -u**2 + 436*u - 3850. Give j(9).
-7
Let b(d) = 3*d - 53. What is b(9)?
-26
Let j(h) = -15*h - 162. Give j(14).
-372
Let a(q) = 119*q**2 - 709*q + 31. Determine a(6).
61
Let h(w) = 60*w + 1984. What is h(-38)?
-296
Let z(a) = 3*a**2 - 14*a - 2. Give z(-12).
598
Let w(l) = 111*l**2 - 4994*l - 93. Give w(45).
-48
Let t(l) = l**3 - 31*l**2 - 19*l - 417. What is t(32)?
-1
Let h(b) = 62*b - 178. Determine h(5).
132
Let o(t) = 2*t**3 - 25*t**2 + 11*t - 12. Give o(12).
-24
Let p(h) = -32*h + 272. What is p(24)?
-496
Let g(b) = -b**2 - 27*b + 46. What is g(-22)?
156
Let q(h) = -48*h**2 - 46*h - 23. What is q(-1)?
-25
Let h(o) = -23*o**2 - 163*o - 15. Give h(-6).
135
Let x(u) = -u**3 + 63*u**2 - 718*u - 81. What is x(48)?
15
Let q(x) = -539*x + 567. What is q(1)?
28
Let y(m) = 5*m**2 + 364*m + 288. Determine y(-72).
0
Let i(x) = x**2 - 158*x + 3001. Calculate i(22).
9
Let l(p) = -5*p - 27. What is l(-32)?
133
Let k(i) = -i**3 + 12*i**2 + 27*i + 47. Give k(14).
33
Let j(k) = -k**3 + 10*k**2 + 55*k - 264. Determine j(11).
220
Let x(o) = -o**2 - 131*o - 2441. What is x(-22)?
-43
Let f(t) = -233*t - 1064. Give f(-4).
-132
Let v(y) = -10*y**2 - 82*y + 7. Determine v(-9).
-65
Let j(l) = l**3 - 33*l**2 + 2*l - 112. Give j(33).
-46
Let z(r) = -2*r**2 - 32*r + 114. What is z(-20)?
-46
Let l(s) = s**2 + 13*s + 41. Give l(-6).
-1
Let i(o) = o**3 - 20*o**2 - 19*o - 11. Determine i(21).
31
Let m(p) = -25*p - 26. What is m(-3)?
49
Let m(r) = r**3 + 23*r**2 + 15*r + 148. What is m(-23)?
-197
Let k(l) = -2*l**3 + 135*l**2 + 275*l - 2. What is k(-2)?
4
Let b(p) = 26*p**2 - 2*p - 16. What is b(-4)?
408
Let y(x) = x**3 + 13*x**2 - 61*x - 38. Calculate y(-17).
-157
Let p(j) = 106*j - 4476. What is p(42)?
-24
Let f(s) = -460*s + 15. Determine f(0).
15
Let a(p) = -p**2 - 154*p + 937. What is a(6)?
-23
Let v(l) = l**3 - 46*l**2 + 55*l - 365. Determine v(45).
85
Let z(a) = -8*a + 40. What is z(-3)?
64
Let s(b) = 2*b**2 - 39*b + 61. What is s(16)?
-51
Let s(u) = -66*u**2 - 298*u + 20. Give s(-4).
156
Let r(d) = -13*d**2 - 131*d - 34. Calculate r(-10).
-24
Let y(h) = -2*h**3 + 84*h**2 - 234*h + 123. Give y(39).
123
Let k(a) = a**3 + 2*a**2 - 2*a. Determine k(1).
1
Let v(l) = 3*l**3 - 4*l**2 - 10*l + 10. Calculate v(1).
-1
Let x(l) = 6*l**2 + 60*l + 4. Determine x(-10).
4
Let v(w) = -w**3 + 32*w**2 - 91*w + 111. Give v(29).
-5
Let l(m) = -24*m**3 + 11*m**2 + 16*m + 1. Give l(-2).
205
Let g(w) = -1110*w + 14426. Calculate g(13).
-4
Let k(r) = r**3 + r**2 - 206*r - 62. Give k(14).
-6
Let z(b) = b**3 + 31*b + 4. Determine z(5).
284
Let n(g) = 226*g + 453. Calculate n(-2).
1
Let m(b) = 15*b - 145. Give m(20).
155
Let u(v) = 198*v + 624. Determine u(-3).
30
Let r(c) = 168*c**2 + c + 1. What is r(1)?
170
Let z(w) = 314*w**2 + w + 2. Give z(-1).
315
Let x(c) = c**3 - 178*c**2 + 6623*c + 219. Give x(125).
-31
Let h(m) = 3*m**2 - 126*m + 1271. Determine h(25).
-4
Let f(o) = 19*o + 41. Give f(-8).
-111
Let s(a) = -2*a**3 + 143*a**2 + 69*a + 228. Give s(72).
12
Let u(r) = -2*r**3 + 16*r**2 + 80*r - 153. What is u(11)?
1
Let m(t) = -1018*t - 36642. What is m(-36)?
6
Let a(p) = 9*p**2 - 76*p + 141. Give a(6).
9
Let z(s) = -312*s - 884. Determine z(-3).
52
Let f(g) = -g**2 + 6*g + 9. What is f(0)?
9
Let z(d) = d**3 + 43*d**2 - 409*d - 52. Determine z(-51).
-1
Let m(q) = -203*q - 814. Determine m(-4).
-2
Let z(o) = 540*o - 1063. Give z(2).
17
Let f(x) = -101*x + 32. Calculate f(-2).
234
Let a(g) = g**2 - 47*g - 3459. Give a(-40).
21
Let w(r) = 28*r - 459. What is w(16)?
-11
Let o(l) = 4*l - 97. Calculate o(-17).
-165
Let f(j) = -7*j**2 + 139*j + 500. What is f(23)?
-6
Let w(u) = -472*u + 3784. Calculate w(8).
8
Let p(g) = 9*g**2 - 7*g + 13. Determine p(0).
13
Let r(s) = 3*s**3 - 17*s**2 - 6*s + 19. Give r(5).
-61
Let s(r) = 53*r - 108. Give s(-3).
-267
Let z(q) = q**2 + 36*q - 63. Calculate z(-35).
-98
Let p(s) = 3*s**3 + 231*s**2 + 4*s + 369. Calculate p(-77).
61
Let o(r) = 2*r**3 + 190*r**2 + 4*r + 391. Calculate o(-95).
11
Let k(r) = 7*r**2 - 4*r + 3. What is k(1)?
6
Let x(s) = -1345*s + 1295. Give x(1).
-50
Let t(r) = 22*r**2 - 224*r + 20. Determine t(10).
-20
Let d(p) = -59*p + 750. Give d(11).
101
Let m(w) = -225*w - 1576. Determine m(-7).
-1
Let m(p) = -4*p**3 + 16*p**2 - 20*p + 2. What is m(3)?
-22
Let i(x) = x**2 - 5*x + 1. Calculate i(2).
-5
Let n(d) = -9*d**2 + 3*d + 4. Give n(-1).
-8
Let z(l) = -l**3 + 19*l**2 + 36*l - 133. Give z(18).
839
Let i(y) = 91*y + 45. Give i(-1).
-46
Let p(j) = -41*j**2 + j - 1. What is p(1)?
-41
Let x(m) = 29*m**2 - 8*m - 8. What is x(2)?
92
Let i(t) = t**2 - 92*t + 699. Calculate i(84).
27
Let l(s) = 2*s**2 - 16*s - 20. What is l(11)?
46
Let m(g) = 876*g - 32442. Calculate m(37).
-30
Let u(w) = 3*w**3 - 6*w**2 + 4*w - 10. What is u(2)?
-2
Let h(d) = -d**2 - 3*d - 30. Give h(-9).
-84
Let x(h) = -h**2 + 167*h + 398. What is x(0)?
398
Let x(p) = -p**3 + 77*p**2 - 195*p + 3378. Give x(75).
3
Let d(x) = -361*x - 658. Give d(-2).
64
Let n(d) = 34*d - 1500. Calculate n(44).
-4
Let d(z) = -2*z**3 - 3*z**2 - 12*z + 2.